{"id":286,"date":"2016-10-31T13:17:59","date_gmt":"2016-10-31T16:17:59","guid":{"rendered":"https:\/\/isfd166-bue.infd.edu.ar\/sitio\/?page_id=286"},"modified":"2023-12-22T09:05:40","modified_gmt":"2023-12-22T12:05:40","slug":"inicio","status":"publish","type":"page","link":"https:\/\/isfd166-bue.infd.edu.ar\/sitio\/","title":{"rendered":"Inicio"},"content":{"rendered":"<h4 style=\"text-align: center;\"><strong><span style=\"color: #31313b;\"><span style=\"font-family: arial,helvetica,sans-serif; font-size: 18pt;\">Escuela Normal Superior\u00a0<\/span><\/span><\/strong><strong><span style=\"color: #31313b;\"><span style=\"font-family: arial,helvetica,sans-serif; font-size: 18pt;\">\u00abGral. Jos\u00e9 de San Mart\u00edn\u00bb<\/span><\/span><\/strong><\/h4>\n<h4 style=\"text-align: center;\"><strong><span style=\"color: #31313b;\"><span style=\"font-family: arial,helvetica,sans-serif; font-size: 18pt;\">TANDIL<\/span><\/span><\/strong><\/h4>\n<p><img decoding=\"async\" loading=\"lazy\" class=\"alignnone size-full wp-image-1876\" src=\"https:\/\/isfd166-bue.infd.edu.ar\/sitio\/wp-content\/uploads\/2023\/05\/imagen-escuela-scaled.jpg\" alt=\"\" width=\"2560\" height=\"610\" srcset=\"https:\/\/isfd166-bue.infd.edu.ar\/sitio\/wp-content\/uploads\/2023\/05\/imagen-escuela-scaled.jpg 2560w, https:\/\/isfd166-bue.infd.edu.ar\/sitio\/wp-content\/uploads\/2023\/05\/imagen-escuela-1000x238.jpg 1000w, https:\/\/isfd166-bue.infd.edu.ar\/sitio\/wp-content\/uploads\/2023\/05\/imagen-escuela-1900x453.jpg 1900w, https:\/\/isfd166-bue.infd.edu.ar\/sitio\/wp-content\/uploads\/2023\/05\/imagen-escuela-768x183.jpg 768w, https:\/\/isfd166-bue.infd.edu.ar\/sitio\/wp-content\/uploads\/2023\/05\/imagen-escuela-1536x366.jpg 1536w, https:\/\/isfd166-bue.infd.edu.ar\/sitio\/wp-content\/uploads\/2023\/05\/imagen-escuela-2048x488.jpg 2048w\" sizes=\"(max-width: 2560px) 100vw, 2560px\" \/><\/p>\n<h4 style=\"text-align: center;\">\u00a0<\/h4>\n<p>&nbsp;<\/p>\n<h3 style=\"text-align: center;\">PROPUESTAS ACAD\u00c9MICAS<\/h3>\n<p style=\"text-align: center;\"><a href=\"https:\/\/isfd166-bue.infd.edu.ar\/sitio\/profesorado-de-educacion-primaria\/\"> <div id=\"metaslider-id-1837\" style=\"max-width: 700px; margin: 0 auto;\" class=\"ml-slider-3-33-0 metaslider metaslider-flex metaslider-1837 ml-slider ms-theme-default\" role=\"region\" aria-roledescription=\"Slideshow\" aria-label=\"Presentacion Carreras\">\n    <div id=\"metaslider_container_1837\">\n        <div id=\"metaslider_1837\" class=\"flexslider\">\n            <ul aria-live=\"polite\" class=\"slides\">\n                <li style=\"display: block; width: 100%;\" class=\"slide-1838 ms-image\" aria-roledescription=\"slide\" aria-label=\"slide-1838\"><a href=\"https:\/\/isfd166-bue.infd.edu.ar\/sitio\/profesorado-de-educacion-primaria\/\" target=\"_blank\"><img src=\"https:\/\/isfd166-bue.infd.edu.ar\/sitio\/wp-content\/uploads\/2021\/06\/profesorado-de-educaci\u00f3n-primaria-700x500.png\" height=\"500\" width=\"700\" alt=\"\" class=\"slider-1837 slide-1838\" title=\"profesorado de educaci\u00f3n primaria\" \/><\/a><div class=\"caption-wrap\"><div class=\"caption\">Profesorado de Educaci\u00f3n Primaria<\/div><\/div><\/li>\n                <li style=\"display: none; width: 100%;\" class=\"slide-1839 ms-image\" aria-roledescription=\"slide\" aria-label=\"slide-1839\"><a href=\"https:\/\/isfd166-bue.infd.edu.ar\/sitio\/profesorado-de-educacion-inicial\/\" target=\"_blank\"><img src=\"https:\/\/isfd166-bue.infd.edu.ar\/sitio\/wp-content\/uploads\/2021\/06\/profesorado-de-educaci\u00f3n-inicial-e1625262818218-411x294.png\" height=\"500\" width=\"700\" alt=\"Profesorado de Educaci\u00f3n Inicial\" class=\"slider-1837 slide-1839\" title=\"profesorado de educaci\u00f3n inicial\" \/><\/a><div class=\"caption-wrap\"><div class=\"caption\">Profesorado de Educaci\u00f3n Inicial<\/div><\/div><\/li>\n                <li style=\"display: none; width: 100%;\" class=\"slide-1843 ms-image\" aria-roledescription=\"slide\" aria-label=\"slide-1843\"><a href=\"https:\/\/isfd166-bue.infd.edu.ar\/sitio\/profesorado-de-educacion-especial\/\" target=\"_blank\"><img src=\"https:\/\/isfd166-bue.infd.edu.ar\/sitio\/wp-content\/uploads\/2021\/06\/profesorado-de-educaci\u00f3n-especial-e1625262901415-411x294.png\" height=\"500\" width=\"700\" alt=\"Profesorado de Educaci\u00f3n Especial\" class=\"slider-1837 slide-1843\" title=\"profesorado de educaci\u00f3n especial\" \/><\/a><div class=\"caption-wrap\"><div class=\"caption\">Profesorado de Educaci\u00f3n Especial<\/div><\/div><\/li>\n                <li style=\"display: none; width: 100%;\" class=\"slide-1842 ms-image\" aria-roledescription=\"slide\" aria-label=\"slide-1842\"><a href=\"https:\/\/isfd166-bue.infd.edu.ar\/sitio\/tecnicatura-superior-en-bibliotecologia\/\" target=\"_blank\"><img src=\"https:\/\/isfd166-bue.infd.edu.ar\/sitio\/wp-content\/uploads\/2021\/06\/biblio-e1625263058276-411x294.png\" height=\"500\" width=\"700\" alt=\"Tecnicatura Superior en Bibliotecolog\u00eda\" class=\"slider-1837 slide-1842\" title=\"biblio\" \/><\/a><div class=\"caption-wrap\"><div class=\"caption\">Tecnicatura Superior en Bibliotecologia<\/div><\/div><\/li>\n                <li style=\"display: none; width: 100%;\" class=\"slide-1844 ms-image\" aria-roledescription=\"slide\" aria-label=\"slide-1844\"><a href=\"https:\/\/isfd166-bue.infd.edu.ar\/sitio\/tecnicatura-superior-en-analisis-desarrollo-y-programacion-de-aplicaciones\/\" target=\"_blank\"><img src=\"https:\/\/isfd166-bue.infd.edu.ar\/sitio\/wp-content\/uploads\/2021\/06\/analisis-desarrollo-y-prog-de-aplicaciones-700x500.png\" height=\"500\" width=\"700\" alt=\"\" class=\"slider-1837 slide-1844\" title=\"analisis desarrollo y prog de aplicaciones\" \/><\/a><div class=\"caption-wrap\"><div class=\"caption\">Tecnicatura Superior en An\u00e1lisis, Desarrollo y Programaci\u00f3n de Aplicaciones<\/div><\/div><\/li>\n            <\/ul>\n        <\/div>\n        \n    <\/div>\n<\/div><\/a><\/p>\n<h5 style=\"text-align: center;\"><strong><span style=\"font-size: 10pt; color: black; font-family: Verdana;\">E<\/span><span style=\"font-size: 10pt; color: black; font-family: Verdana;\">ste Instituto Superior de Formaci\u00f3n Docente y T\u00e9cnica forma parte del sistema d<\/span><span style=\"font-size: 10pt; color: black; font-family: Verdana;\">e educaci\u00f3n p\u00fablica de gesti\u00f3n estatal.<\/span><\/strong><\/h5>\n<p><span style=\"font-size: 10pt; color: black; font-family: Verdana;\">A trav\u00e9s de este sitio se difunden las <a href=\"https:\/\/isfd166-bue.infd.edu.ar\/sitio\/blog\/\">novedades institucionales<\/a>, informaci\u00f3n sobre carreras, se comparten experiencias y se brinda apoyo y asesoramiento a estudiantes, docentes e interesados en formar parte de esta comunidad educativa.<\/span><\/p>\n<p><span style=\"font-size: 14pt; color: black; font-family: Verdana;\"><img decoding=\"async\" class=\"aligncenter\" src=\"https:\/\/isfd166-bue.infd.edu.ar\/sitio\/wp-content\/uploads\/2018\/07\/la_red.jpg\" alt=\"Red virtual\" align=\"left\" border=\"0\" hspace=\"10\" \/><\/span><span style=\"font-size: 10pt; color: black; font-family: Verdana;\">Junto con varios Institutos, integramos la <strong><em><span style=\"font-family: Verdana;\">Red\u00a0Virtual de Institutos Superiores de Formaci\u00f3n Docente<\/span><\/em><\/strong>\u00a0coordinada por el <strong><span style=\"font-family: Verdana;\">INFD<\/span><\/strong> (Instituto Nacional de Formaci\u00f3n Docente) dependiente del Ministerio de Educaci\u00f3n de la Naci\u00f3n Argentina.<\/span><\/p>\n","protected":false},"excerpt":{"rendered":"<p>Escuela Normal Superior\u00a0\u00abGral. Jos\u00e9 de San Mart\u00edn\u00bb TANDIL \u00a0 &nbsp; PROPUESTAS ACAD\u00c9MICAS Este Instituto Superior de Formaci\u00f3n Docente y T\u00e9cnica forma parte del sistema de educaci\u00f3n p\u00fablica de gesti\u00f3n estatal. A trav\u00e9s de este sitio se difunden las novedades institucionales, informaci\u00f3n sobre carreras, se comparten experiencias y se brinda apoyo y asesoramiento a estudiantes, docentes &#8230; <a title=\"Inicio\" class=\"read-more\" href=\"https:\/\/isfd166-bue.infd.edu.ar\/sitio\/\" aria-label=\"More on Inicio\">[+]<\/a><\/p>\n","protected":false},"author":1,"featured_media":0,"parent":0,"menu_order":0,"comment_status":"closed","ping_status":"closed","template":"","meta":[],"acf":[],"_links":{"self":[{"href":"https:\/\/isfd166-bue.infd.edu.ar\/sitio\/wp-json\/wp\/v2\/pages\/286"}],"collection":[{"href":"https:\/\/isfd166-bue.infd.edu.ar\/sitio\/wp-json\/wp\/v2\/pages"}],"about":[{"href":"https:\/\/isfd166-bue.infd.edu.ar\/sitio\/wp-json\/wp\/v2\/types\/page"}],"author":[{"embeddable":true,"href":"https:\/\/isfd166-bue.infd.edu.ar\/sitio\/wp-json\/wp\/v2\/users\/1"}],"replies":[{"embeddable":true,"href":"https:\/\/isfd166-bue.infd.edu.ar\/sitio\/wp-json\/wp\/v2\/comments?post=286"}],"version-history":[{"count":202,"href":"https:\/\/isfd166-bue.infd.edu.ar\/sitio\/wp-json\/wp\/v2\/pages\/286\/revisions"}],"predecessor-version":[{"id":2000,"href":"https:\/\/isfd166-bue.infd.edu.ar\/sitio\/wp-json\/wp\/v2\/pages\/286\/revisions\/2000"}],"wp:attachment":[{"href":"https:\/\/isfd166-bue.infd.edu.ar\/sitio\/wp-json\/wp\/v2\/media?parent=286"}],"curies":[{"name":"wp","href":"https:\/\/api.w.org\/{rel}","templated":true}]}}